t is (-44 - -11) + (-10 - -33)?
-10
66 + -29 - (16 + -14)
35
Evaluate -17 + (16 + 16 - -1) + (2 + -3 - -2).
17
1 - 4 - 20 - (200 - 192)
-31
Calculate (-142 - (-173 - -44)) + 1 + 72.
60
What is 38 - (9 + (-8 - (-5 - -5) - 3))?
40
Evaluate -78 + 90 + 13 + -42.
-17
28 - ((5 - 38) + 2)
59
What is the value of -87 + -5 + (34 - 18) + (5 + -11 - -11)?
-71
-10 + (66 - ((40 - 21) + (-7 - (0 + 2))))
46
Evaluate -56 + 27 + (21 - 43) + 135.
84
What is -8 + (7 + 18 - 10)?
7
Calculate (-2 - -5) + 0 - (-99 - 25 - -75).
52
What is the value of (-12 - -18) + -12 - -7 - -28?
29
Calculate (80 - 168 - -47) + (0 - 15) + 0.
-56
What is the value of 22 + (47 - 32) + -58?
-21
-58 - (-5 + 5) - -3 - -19
-36
Calculate (-23 - (28 - 25)) + 13 - (-13 - -2).
-2
27 + -2 + 3 + (-57 - (-76 - -18))
29
Calculate -21 - ((-2 - 56) + -292 + 322).
7
What is 133 + (0 - 2) + (-1100 - -1094) + -13 + 3?
115
Calculate (-27 - (1 - (6 - -6))) + 28.
12
Evaluate 1 + 1 - (-24 + (-10 - (-2 - -3))).
37
Evaluate 0 + -67 - (2012 - 2161).
82
-88 + -3 + (-85 - -115 - (-7 + 26))
-80
Calculate (-16 - -23) + (-33 - -23) - -27.
24
What is the value of -1 + 3 + -2 + (-18 - 1 - 22)?
-41
Calculate 8 - -9 - (1 - -3) - (94 + -59).
-22
-169 + 57 + 98 - (55 + (-1 - -3))
-71
25 + 4 + (-30 - -6 - -23) + (1 - 1)
28
Calculate -1 - -33 - (-121 + 180).
-27
122 + -107 - (15 - 9)
9
Evaluate -65 + 12 - (-5 - 30).
-18
Evaluate 2 + 12 - (140 + -145 + 17 + -7).
9
What is 7 - 12 - (71 + -115)?
39
0 + -14 + -26 - (-3 + (-5 - 6))
-26
Evaluate (-20 - -24) + -3 + (1 - (1 - (-3 - 9))).
-11
What is the value of 1 - (111 + 12 - 99 - (12 + 0))?
-11
What is the value of 110 - (3 + -18 + (9 - -12) + (4 - 6))?
106
What is the value of -4 + (9 - (-1 - -2 - (-95 + 99)))?
8
0 + 3 + -14 + (26 - 46)
-31
-3 + 12 + 9 - -6 - 20
4
What is the value of 1736 + -1737 - (-5 - (4 - (0 - -2 - -3)))?
3
Evaluate (-42 - 9) + -11 + -13 + (20 - (0 + 6)).
-61
Calculate -4 - (14 + -32) - (20 + 7).
-13
What is the value of (2364 - 2346) + (4 - (1 - 4))?
25
What is the value of 69 - (35 + -22 + 16 + -23)?
63
What is 1 + -1 + 35 + -3186 + 3179?
28
Calculate (-37 - (-14 - -9)) + (10 - (6 - 6)).
-22
Calculate -10 - (-20 + 41 + -26) - (-1 + 33).
-37
(11 - 48) + (2 - -3) - -3 - (241 + -240)
-30
Calculate -131 - (-237 - -122) - -100.
84
What is -5 - 25 - (1 + 0 + -3 + -8) - -1?
-19
21 + -23 + -1 - (3 - 38)
32
Calculate 266 - 274 - (1 + -55).
46
Evaluate 3 + 22 + -1 + -33 - -23.
14
What is the value of (-12 - -1) + 8 + (-1 - (11 + 25 + -37))?
-3
-17 + (-43 - -75) + -6 + (81 - -1) + 15
106
What is -54 - (-94 + (58 - -25))?
-43
What is (-34 - -1) + -13 + (-6 - -16)?
-36
What is the value of ((5 - 9) + (-1 - (-11 - 3)) - 1) + 54?
62
Evaluate (20 - 4) + (-16 - -6 - -15).
21
Calculate 50 + 4 + (732 - 782).
4
What is the value of (-3 - -2) + 15 + -11 + (-12 - (-1 + -18))?
10
Calculate 36 + 24 + 34 + -53 + (-7 - 0).
34
Evaluate -215 - -90 - -118 - (24 - 0).
-31
15 + (-59 - -1) - (-63 + 30)
-10
Evaluate (109 + -145 - -53) + (-2 - 113).
-98
Evaluate 72 + -46 + (3 - -24 - 4).
49
What is the value of (-961 - -963) + (-21 - -1) - -4?
-14
(5 - 1) + 50 - (3 + -22 + 10 + 7)
56
Calculate -22 + -1 + 6 + -8 - (3 - (2 - -5)).
-21
Evaluate 90 - ((24 - 32) + (2 - -19) + -18).
95
What is 10 + -2 + 3 + -19 + 37 + (-48 - 3)?
-22
Evaluate 7 + (-8 - -5) - ((-2 - -3 - 7) + -13).
23
What is 2 - -4 - (111 + -109) - 8?
-4
(53 - (5 - 7)) + 14 + -36
33
-10 + (603 - 618 - (1 + 10))
-36
Evaluate -488 + 484 - (30 + 4 + -7).
-31
-9 + -1 + (925 - 879)
36
What is the value of -4 + -2 - (13 + -64 + -7 + (2 - 6))?
56
-8 + 35 + -7 - (15 - 18)
23
41 - 39 - -2 - 5
-1
(23 - 49) + (-115 - -59)
-82
What is the value of -145 + (44 + 30 - 87 - (2 - 23))?
-137
What is the value of (15 - 10) + 0 - (-22 - 3)?
30
Evaluate (-17 - -29) + 9 + (118 - 133).
6
32 - (129 - (-29 + 80))
-46
(21 - -2) + -6 - (-4 + -26)
47
57 + -16 + 7 + -140 - -9
-83
What is the value of -92 + -5 + -72 + 94 + (2 - -6) + 2?
-65
What is the value of -78 + 31 + (8 - -31)?
-8
Evaluate 85 - -1 - (-52 + 80).
58
What is the value of (-45 - -56) + (-4 - (4 + -17))?
20
Calculate -2 + (-6 - -52) - (2 + (23 - (26 + -6))).
39
Calculate 60 - (-11 + (-16 - -17 - 9)) - 7.
72
Calculate (-37 - -116) + -39 - (11 + 0).
29
What is the value of 71 + 19 + -32 + 18 + (-3 - 0)?
73
10 - (8 - ((9 + 10 - 1) + -10)) - 5
5
Evaluate -17 + (18 - 4 - 81) - (-14 - 2).
-68
Calculate 0 + -4 + -6 + -211 + 185.
-36
Calculate 222 - (-230 - -466) - (-1 + 3 + (-69 - 1)).
54
0 + 3 + (-17 + -12 - -14 - (115 - 5))
-122
Evaluate 19 + 212 + -108 - 58.
65
-1 + -14 + 31 + (-2 - -9)
23
Calculate (-3 - 197 - -77) + 161.
38
(1 - 0) + 3 - (32 - (-20 + -5 + 54))
1
What is the value of (79 + -71 - (-1 - 4)) + (38 - 22)?
29
What is the value of (-43 + 43 + -3 - -104) + -1?
100
Calculate 33 + (-19 - -8) - (17 - 39).
44
(73 - 9) + (10 - -1 - (-15 - -19)) + -1
70
What is the value of -17 + -1 - (-15 - (9 - 6))?
0
Evaluate (-108 + 96 - 128) + 211.
71
What is the value of (-62 - -53 - (0 + -5 + 10)) + -25?
-39
3 - ((-2 - 11) + (-27 - -71 - 36)) - -34
42
Calculate -7 + -3 + (-5 - -12) + 2 + 56 + 4.
59
Calculate 33 + -3560 + 3686 + (-15 - 0).
144
Evaluate -24 + (11 - -22 - -33) - -38.
80
Calculate (28 - 0) + 409 + -411 - -22.
48
What is -4 - -4 - ((4 - 7) + (-9 - (-44 - 15)))?
-47
What is 2 - 3 - -46 - (258 + -41 + -199)?
27
Calculate (-17 - (-80 + 18)) + -8 - -8.
45
What is 2 - 42 - (9 - ((11 - 11) + 15 + -9))?
-43
Evaluate 246 + 0 + 8812 + -8928.
130
Calculate -11 + (-26 - -32) + (127 - 0) - (6 - 0).
116
-11 + 1 + -4 + 2 - ((0 - -1) + 8)
-21
48 - (47 + -56) - (-2 - -16)
43
Evaluate 14 - -1 - (-6 - (-25 + 5)).
1
(0 - (27 + -15 - -22)) + -1
-35
-22 + (8 - ((1 - 8) + (1 - -16)))
-24
What is 0 + -54 + (1 + -26 - (26 + -32) - -18)?
-55
26 - (12 + -82) - (99 - 62)
59
What is -29 + (14 - -49 - 80)?
-46
What is (-16 - 1) + 18 + -2 + -12?
-13
-106 + (41 - (76 + -33))
-108
What is (1 - -12) + 24 + -8 + -18 + -4 - 1?
6
-126 + -1 + 92 + -119 + 60
-94
What is the value of 117 + -62 - (2 - -93)?
-40
What is the value of ((17 - 7) + 0 - (128 - 114)) + 57?
53
18 - 9 - 13 - (-34 - -5)
25
Calculate -31 + -1 + (56 - (-5 + 33)) + -39.
-43
What is the value of (13 + -10 + 9 - -23) + 11 - (3 - 4)?
47
What is 13 - (13 + (3 - -12) - 12)?
-3
What is 96 - (107 - 47 - -1)?
35
Calculate 75 - (48 + -15) - 24.
18
What is the value of (-37 - 4) + (14 + -3 + -3 - -1)?
-32
What is 1796 + -1834 + -2 + 0?
-40
Evaluate 516 + -503 + 2 + -2 + -21 + 5.
-3
Evaluate 7 + -78 + -1 + -1 + (-67 - -81).
-59
Evaluate 7 - -28 - -32 - 43.
24
13216 + -13314 + (1 - 0) + -25 + 0
-122
What is -12 - ((1 - 9) + 324 + -311)?
-17
Calculate (-104 + -11 - (-24 - 2)) + 34.
-55
What is the value of -1 + (12 - -9 - 22 - 44)?
-46
What is the value of (-12 - ((2 - 5) + -22) - (0 + 0)) + 21?
34
What is the value of (-44 + 51 + 2 + -23 - -5) + (22 - 0)?
13
Calculate 113 - 74 - (-9 + 10 + -3 + 1 - 7).
47
What is -11 + (-12 - ((17 - 10) + -17)) + 64?
51
What is the value of (-834 - -822) + 2 + (-3 - 1 - -42)?
28
Evaluate (5 + -17 - -34) + -32 + 1 + (-2 - -5).
-6
What is the value of (75 - 1) + -14 + (27 - 19) + 4 + 1?
73
Evaluate (-21 - -6) + 59 + 16 - (-12 + 3).
69
What is the value of -70 - ((-171 - -188) + -2 + -5)?
-80
-10 - 42 - (17 + (22 + -22 - 20))
-49
Calculate 53 + (6 - (0 + 12 - (-1 - 5))).
41
Evaluate 85 - ((4 - 1) + (410 - 423) + 0 + 3).
92
What is the value of 133 + -152 + -28 + -23?
-70
What is 30 - (13 - (5 + 6 + -1 + 14))?
41
Calculate 75 - ((7 - -16) + (1 + -26 - -14) - 13).
76
-8 - (94 - 111 - (4 - 5))
8
2 + (113 + -19 - 33 - 31)
32
3 - 23 - (2 - 8) - (-284 + 316)
-46
What is the value of -8 - -17 - (-29 + (-4 + 7 - 6))?
41
136 - ((29 - (-14 + 44)) + 10)
127
Evaluate (-15 - (-23 - (-62 + 24) - (48 + 1))) + -6.
13
(8 - ((5 - -11 - 6) + (3 - -10))) + -9
-24
What is 813 + -776 + (-3 - 91)?
-57
What is (358 - 320) + (41 - -1)?
80
Evaluate 49 + -6 + (275 - 319).
-1
What is the value of 135 + -69 + (-69 - -81)?
78
Calculate -1 + 0 + 9 - ((23 - -1) + -8) - -39.
31
Evaluate 19 - (-3 - 7 - ((-5 + 2 - -17) + -26)).
17
(-2 + 24 + 0 - 18) + (3 - (-2 + 55))
-46
101 + -85 - (3 + 29) - 106
-122
12 + (47 - (23 - -33)) - (78 + -1 + -1)
-73
-149 - (-70 + 114 + -293)
100
Evaluate -26 + (-16 + -5 - -66).
19
What is the value of (18 - (90 + -32)) + (12 - 0 - 2)?